1. Calculate the highest common divisor of 17 and r.
17
Let o(d) = 4*d - 31. Let b be o(8). Calculate the highest common divisor of b and 3.
1
Let g = -75 + 236. Calculate the greatest common factor of g and 28.
7
Suppose 0 = b - 5. Suppose -b*p + s + 37 = -461, 3*p - 300 = s. What is the greatest common divisor of p and 33?
33
Suppose -10464 = -453*n + 445*n. Calculate the highest common divisor of 24 and n.
12
Let c(d) = d**2 + 5*d + 17. Let f be c(-7). Suppose 3*y - 18 = -3*t, -f = -2*t + 3*y - 14. Calculate the greatest common factor of t and 21.
7
Suppose -138 - 1030 = -4*o. Calculate the highest common divisor of o and 73.
73
Let j be (-3)/(-3 + 1 + 1). Let n(z) = z**2 - 2. Let y be n(-2). Suppose 0 = -y*b + 1 + 5. What is the greatest common factor of b and j?
3
Let p(h) = h**3 - 15*h**2 - 16*h + 33. Let y be p(16). Let u = -4 + 10. Let l be u*1/(2/121). What is the highest common factor of y and l?
33
Let t be (200/(-28))/((-120)/1008). What is the highest common divisor of 36 and t?
12
Suppose 28 = f + 6*f. Suppose 48 = f*q + 4*q. What is the greatest common factor of 54 and q?
6
Let u = 75 - 43. Let a be 10/(-6 - (-85)/10). Calculate the highest common divisor of a and u.
4
Let b be 2/4 + (-189)/(-6). Suppose 5*j - 12 = 28. What is the highest common divisor of b and j?
8
Suppose -w = 5*w + 54. Let v be 64/3 + (-6)/w. Calculate the greatest common divisor of v and 33.
11
Let h = -62 + 62. Suppose h = 2*n - 58 - 58. Calculate the highest common factor of n and 174.
58
Let y = 34 + 50. What is the highest common factor of 42 and y?
42
Let a = -106 - -110. Suppose -3*u + 12 = -3*l, -4*l + 0*u = -5*u + 21. What is the greatest common divisor of l and a?
1
Suppose -b = -5*w + 81, 3*b = -4*w + 50 + 11. Let z = 5 - 3. Calculate the greatest common divisor of z and w.
2
Suppose 322*v - 1584 = 314*v. What is the greatest common factor of v and 36?
18
Let t(k) = -4*k + 3. Let c be t(-42). Calculate the highest common factor of c and 19.
19
Suppose -2*c = 8, 2*n - 50 = 4*c - 4. Let b(x) = 7*x**2 - 3*x**2 - 4*x - x**3 + 2*x**2. Let g be b(5). What is the highest common factor of n and g?
5
Let d be 2 + (2 - (1 - 2)). Let n = -10 - -55. Calculate the greatest common divisor of n and d.
5
Let l(x) = -23*x**2 - 28*x**2 - 9*x + 1 + 50*x**2. Let r be l(-6). Suppose 57 = 5*n - 4*n. What is the greatest common factor of n and r?
19
Suppose -d + 63 = 5*n, 0 = d - 3*d + 6. Let b be -1*(-18)/15*10. Calculate the greatest common divisor of b and n.
12
Let u = 33 - 30. Suppose -u*y = y - 280. What is the highest common factor of y and 10?
10
Let x = -5508 + 5516. Suppose 0 = -5*d + 26 + 14. Calculate the greatest common factor of d and x.
8
Let n be (-2)/(-12)*4*108. What is the highest common factor of 90 and n?
18
Let m = -149 - -257. Suppose -182 - 70 = -21*q. What is the greatest common divisor of q and m?
12
Let q be 38/(-4)*8/(-2). Let i(d) = -d**2 - 9*d - 10. Let n be i(-7). Suppose -7*o + n*o = -171. Calculate the highest common divisor of q and o.
19
Let h(a) = -30*a + 21. Let g be h(-2). Calculate the highest common divisor of g and 297.
27
Let y(i) = -i**2 + 3*i + 36. Let o be y(0). What is the greatest common divisor of 8 and o?
4
Suppose 0 = 158*x - 154*x - 4264. What is the greatest common divisor of 26 and x?
26
Let m = -114 + 176. Suppose 6*s = 9*s - 465. What is the highest common factor of m and s?
31
Let g = -22 - -98. Suppose -4*w + m + g = 3*m, 0 = 4*w - 5*m - 48. What is the highest common divisor of w and 119?
17
Let b be (-12*(6 - 4))/((-6)/4). Suppose -b - 11 = -o. Calculate the greatest common divisor of 18 and o.
9
Suppose -5*s - 67 = -117. Calculate the greatest common divisor of s and 130.
10
Let r(x) = 14*x + 58. Let u be r(-3). Let b(l) = -16*l. Let t be b(-4). Calculate the greatest common factor of t and u.
16
Suppose -2*r - 2*k = -672, -k - 4 = -3*k. Let u = r + -182. What is the highest common factor of u and 19?
19
Suppose -3*p - 10386 = 3*h, -2*p - 2386 = h + 1079. Let j be 0 + (-10)/(-35) - h/21. Calculate the highest common factor of 33 and j.
33
Let w(x) = -x**3 - 9*x**2 - 3*x - 13. Let d be w(-9). Let o be (-948)/(-3)*3/4. Let l = -125 + o. What is the highest common divisor of d and l?
14
Suppose 0 = -2*w - 1002 + 1162. Calculate the greatest common divisor of w and 10.
10
Suppose -4*x - h + 355 = 0, 62 + 287 = 4*x - h. Let p = -63 + x. What is the highest common factor of 200 and p?
25
Suppose 6*a - 16 = 2*a. Let d be (-3)/(-3)*2/a*108. What is the highest common factor of d and 36?
18
Suppose 52*w = 32*w + 4000. What is the highest common divisor of 8 and w?
8
Let y(n) = 40*n - 20. Suppose -d + 13 = 4*i - 11, 25 = 5*i. Let a be y(d). Suppose 2*g + 2*g = 80. Calculate the highest common divisor of a and g.
20
Suppose m - 2*r + 129 = 6*m, m - r = 30. Suppose -38 = -3*a + 259. Let f = a + -45. Calculate the highest common divisor of m and f.
27
Let j = 210 + -98. Let m = -4 + 36. Calculate the highest common factor of m and j.
16
Let m(x) = -x**3 - 6*x - 6. Let q(f) = f**3 + f**2 + 3*f + 7. Let w be q(-2). Let s be m(w). Let d = 25 - 12. What is the highest common factor of s and d?
13
Let k = -20 + 56. Let d(y) = 2*y**2 - 6*y + 5. Let t be d(3). Suppose -t*n = -3*l + 4*l - 22, -5*l = -3*n - 54. Calculate the highest common factor of l and k.
12
Suppose -7*c + 5*c = -16. Suppose 5*p - 90 = c*p. Let r = p - -40. Calculate the highest common factor of r and 10.
10
Suppose 0 = 4*s + q - 63, 3*s - 32 = 2*q + 7. Let o = 39 - s. What is the greatest common factor of 8 and o?
8
Let w be 2/7 + (-78)/(-21). Let u(j) = 4*j**2 + 5*j + 7. Suppose -10*n = -4*n + 18. Let a be u(n). What is the highest common factor of a and w?
4
Let x(z) = -z**3 + z**2 - z + 21. Let s be x(0). Let a = -16 + 79. Calculate the greatest common factor of s and a.
21
Let h = -494 - -543. Calculate the highest common factor of h and 14.
7
Let b = -42 + 43. Let l be 1/b + (-13)/((-39)/72). Calculate the highest common divisor of 5 and l.
5
Let b = 58 + -36. Suppose 240 + 90 = 22*k. Let t be k/25 + 7/5. Calculate the greatest common factor of b and t.
2
Let h be -4 - ((8 - 1727) + -1). Calculate the greatest common factor of h and 11.
11
Let k(q) = -78*q + 182. Let z(g) = -31*g + 73. Let w(j) = -5*k(j) + 12*z(j). Let l be w(13). What is the greatest common factor of 20 and l?
20
Suppose 161*c - 168*c = -5250. What is the greatest common divisor of c and 30?
30
Let i be (-2)/6 - ((-35)/15)/1. Let v be (54/((-15)/(-5)))/i. What is the highest common factor of v and 189?
9
Let h(j) = 5*j + 120. Let s be h(9). What is the highest common divisor of s and 15?
15
Suppose 12 = 5*t - 8. Suppose 1 = -3*c + t*c. Suppose q = 73 - c. What is the greatest common divisor of 18 and q?
18
Let i be 4 - (72/(-8) + -7). Calculate the highest common divisor of 430 and i.
10
Let s(p) = -p**3 + 21*p**2 + 47*p - 8. Let u be s(23). What is the greatest common factor of 250 and u?
5
Let z(v) = v + 23. Let u be z(0). Suppose -77 = 2*q + 61. Let a be q/(1/(-2)*3). What is the highest common divisor of u and a?
23
Let u(c) = 3*c + 4 + 6*c - c**3 - 4*c - 4*c. Let f be u(0). Let r(g) = -g**3 - 4*g**2 - 4*g + 4. Let h be r(-4). What is the greatest common divisor of h and f?
4
Let c be 39/(-65) + (-267)/5. Let o be (c/(-24))/((-2)/(-8)). What is the highest common divisor of 3 and o?
3
Let z be ((-80)/(-14))/((-1494)/189 + 8). Calculate the highest common divisor of 300 and z.
60
Suppose -3*x = -0*x - 4*q - 138, -4*x + 159 = 3*q. What is the greatest common factor of x and 322?
14
Suppose -t = -5*l + 7*l - 66, 0 = -5*t - l + 330. What is the highest common factor of t and 759?
33
Let c be (-3 + 4)/((-11)/(-22)). Suppose -2*d + 6 = 0, 3*i - 5*d - 3 = -15. Calculate the highest common factor of i and c.
1
Suppose -5*u = -r - 19, -5*u + 4*r = 11 - 42. Suppose -328 + 1351 = 31*f. Calculate the greatest common divisor of f and u.
3
Suppose 0*h - 3*h + 69 = 3*o, 83 = 4*h + o. Suppose h*y - 24*y + 8 = 0. Calculate the greatest common factor of y and 10.
2
Let y(r) = 108*r**2 + 10*r - 16. Let f be y(2). What is the highest common factor of 327 and f?
109
Suppose -5*a + 0*a = -520. Let x(c) = -c**3 + c**2. Let g be x(0). Suppose 14*h = -g*h + 182. Calculate the highest common divisor of a a